[INFO] fetching crate amadeus 0.4.3...
[INFO] checking amadeus-0.4.3 against master#e6e4f7ed1589e03bc2f6c5931c1a72e7947e8682 for beta-170-4
[INFO] extracting crate amadeus 0.4.3 into /workspace/builds/worker-3-tc2/source
[INFO] validating manifest of crates.io crate amadeus 0.4.3 on toolchain e6e4f7ed1589e03bc2f6c5931c1a72e7947e8682
[INFO] running `Command { std: CARGO_HOME="/workspace/cargo-home" RUSTUP_HOME="/workspace/rustup-home" "/workspace/cargo-home/bin/cargo" "+e6e4f7ed1589e03bc2f6c5931c1a72e7947e8682" "metadata" "--manifest-path" "Cargo.toml" "--no-deps", kill_on_drop: false }`
[INFO] started tweaking crates.io crate amadeus 0.4.3
[INFO] removed 0 missing examples
[INFO] removed 0 missing tests
[INFO] finished tweaking crates.io crate amadeus 0.4.3
[INFO] tweaked toml for crates.io crate amadeus 0.4.3 written to /workspace/builds/worker-3-tc2/source/Cargo.toml
[INFO] crate crates.io crate amadeus 0.4.3 already has a lockfile, it will not be regenerated
[INFO] running `Command { std: CARGO_HOME="/workspace/cargo-home" RUSTUP_HOME="/workspace/rustup-home" "/workspace/cargo-home/bin/cargo" "+e6e4f7ed1589e03bc2f6c5931c1a72e7947e8682" "fetch" "--manifest-path" "Cargo.toml", kill_on_drop: false }`
[INFO] running `Command { std: "docker" "create" "-v" "/var/lib/crater-agent-workspace/builds/worker-3-tc2/target:/opt/rustwide/target:rw,Z" "-v" "/var/lib/crater-agent-workspace/builds/worker-3-tc2/source:/opt/rustwide/workdir:ro,Z" "-v" "/var/lib/crater-agent-workspace/cargo-home:/opt/rustwide/cargo-home:ro,Z" "-v" "/var/lib/crater-agent-workspace/rustup-home:/opt/rustwide/rustup-home:ro,Z" "-e" "SOURCE_DIR=/opt/rustwide/workdir" "-e" "CARGO_TARGET_DIR=/opt/rustwide/target" "-e" "CARGO_HOME=/opt/rustwide/cargo-home" "-e" "RUSTUP_HOME=/opt/rustwide/rustup-home" "-w" "/opt/rustwide/workdir" "-m" "1610612736" "--user" "0:0" "--network" "none" "ghcr.io/rust-lang/crates-build-env/linux@sha256:19e73879b68f455e41552ea35293514db52ea292d993f571636dbffedb77a1ee" "/opt/rustwide/cargo-home/bin/cargo" "+e6e4f7ed1589e03bc2f6c5931c1a72e7947e8682" "metadata" "--no-deps" "--format-version=1", kill_on_drop: false }`
[INFO] [stdout] 2773ad4c9e7d09472790bb5f22aef9e7d11dc4e765b75732ad643f8da7d55b83
[INFO] running `Command { std: "docker" "start" "-a" "2773ad4c9e7d09472790bb5f22aef9e7d11dc4e765b75732ad643f8da7d55b83", kill_on_drop: false }`
[INFO] running `Command { std: "docker" "inspect" "2773ad4c9e7d09472790bb5f22aef9e7d11dc4e765b75732ad643f8da7d55b83", kill_on_drop: false }`
[INFO] running `Command { std: "docker" "rm" "-f" "2773ad4c9e7d09472790bb5f22aef9e7d11dc4e765b75732ad643f8da7d55b83", kill_on_drop: false }`
[INFO] [stdout] 2773ad4c9e7d09472790bb5f22aef9e7d11dc4e765b75732ad643f8da7d55b83
[INFO] running `Command { std: "docker" "create" "-v" "/var/lib/crater-agent-workspace/builds/worker-3-tc2/target:/opt/rustwide/target:rw,Z" "-v" "/var/lib/crater-agent-workspace/builds/worker-3-tc2/source:/opt/rustwide/workdir:ro,Z" "-v" "/var/lib/crater-agent-workspace/cargo-home:/opt/rustwide/cargo-home:ro,Z" "-v" "/var/lib/crater-agent-workspace/rustup-home:/opt/rustwide/rustup-home:ro,Z" "-e" "SOURCE_DIR=/opt/rustwide/workdir" "-e" "CARGO_TARGET_DIR=/opt/rustwide/target" "-e" "CARGO_INCREMENTAL=0" "-e" "RUST_BACKTRACE=full" "-e" "RUSTFLAGS=--cap-lints=forbid" "-e" "RUSTDOCFLAGS=--cap-lints=forbid" "-e" "CARGO_HOME=/opt/rustwide/cargo-home" "-e" "RUSTUP_HOME=/opt/rustwide/rustup-home" "-w" "/opt/rustwide/workdir" "-m" "1610612736" "--user" "0:0" "--network" "none" "ghcr.io/rust-lang/crates-build-env/linux@sha256:19e73879b68f455e41552ea35293514db52ea292d993f571636dbffedb77a1ee" "/opt/rustwide/cargo-home/bin/cargo" "+e6e4f7ed1589e03bc2f6c5931c1a72e7947e8682" "check" "--frozen" "--all" "--all-targets" "--message-format=json", kill_on_drop: false }`
[INFO] [stdout] 19971f9e486c65c942fd436c0587c0fb765d6d97ac370d75945486e1c7da25af
[INFO] running `Command { std: "docker" "start" "-a" "19971f9e486c65c942fd436c0587c0fb765d6d97ac370d75945486e1c7da25af", kill_on_drop: false }`
[INFO] [stderr]    Compiling proc-macro2 v1.0.27
[INFO] [stderr]    Compiling unicode-xid v0.2.2
[INFO] [stderr]    Compiling syn v1.0.72
[INFO] [stderr]    Compiling autocfg v1.0.1
[INFO] [stderr]    Compiling serde_derive v1.0.126
[INFO] [stderr]    Compiling rustversion v1.0.5
[INFO] [stderr]    Compiling serde v1.0.126
[INFO] [stderr]    Compiling libc v0.2.94
[INFO] [stderr]    Compiling getrandom v0.1.16
[INFO] [stderr]    Compiling futures-core v0.3.15
[INFO] [stderr]    Compiling proc-macro-hack v0.5.19
[INFO] [stderr]    Compiling memchr v2.4.0
[INFO] [stderr]    Compiling proc-macro-nested v0.1.7
[INFO] [stderr]    Compiling futures-channel v0.3.15
[INFO] [stderr]    Compiling futures-task v0.3.15
[INFO] [stderr]    Compiling regex-syntax v0.6.25
[INFO] [stderr]     Checking futures-sink v0.3.15
[INFO] [stderr]     Checking ppv-lite86 v0.2.10
[INFO] [stderr]     Checking slab v0.4.3
[INFO] [stderr]     Checking tinyvec_macros v0.1.0
[INFO] [stderr]     Checking pin-project-lite v0.2.6
[INFO] [stderr]     Checking futures-io v0.3.15
[INFO] [stderr]     Checking matches v0.1.8
[INFO] [stderr]    Compiling pin-project-internal v0.4.28
[INFO] [stderr]     Checking tinyvec v1.2.0
[INFO] [stderr]    Compiling async-trait v0.1.50
[INFO] [stderr]    Compiling num-traits v0.2.14
[INFO] [stderr]    Compiling num-integer v0.1.44
[INFO] [stderr]    Compiling futures-macro v0.3.15
[INFO] [stderr]    Compiling num-bigint v0.4.0
[INFO] [stderr]    Compiling futures-util v0.3.15
[INFO] [stderr]    Compiling indexmap v1.6.2
[INFO] [stderr]    Compiling hashbrown v0.7.2
[INFO] [stderr]     Checking static_assertions v1.1.0
[INFO] [stderr]     Checking cfg-if v0.1.10
[INFO] [stderr]     Checking unicode-bidi v0.3.5
[INFO] [stderr]     Checking ahash v0.3.8
[INFO] [stderr]     Checking same-file v1.0.6
[INFO] [stderr]     Checking percent-encoding v2.1.0
[INFO] [stderr]     Checking replace_with v0.1.7
[INFO] [stderr]     Checking hashbrown v0.9.1
[INFO] [stderr]     Checking pin-project-lite v0.1.12
[INFO] [stderr]     Checking bytes v0.5.6
[INFO] [stderr]     Checking walkdir v2.3.2
[INFO] [stderr]     Checking byteorder v1.4.3
[INFO] [stderr]     Checking form_urlencoded v1.0.1
[INFO] [stderr]    Compiling ryu v1.0.5
[INFO] [stderr]    Compiling quote v1.0.9
[INFO] [stderr]     Checking widestring v0.4.3
[INFO] [stderr]     Checking cache-padded v1.1.1
[INFO] [stderr]     Checking concurrent-queue v1.2.2
[INFO] [stderr]     Checking unicode-normalization v0.1.17
[INFO] [stderr]     Checking fxhash v0.2.1
[INFO] [stderr]     Checking recycle v0.1.0
[INFO] [stderr]     Checking hashlink v0.5.1
[INFO] [stderr]     Checking event-listener v2.5.1
[INFO] [stderr]     Checking num_cpus v1.13.0
[INFO] [stderr]     Checking once_cell v1.7.2
[INFO] [stderr]    Compiling doc-comment v0.3.3
[INFO] [stderr]    Compiling serde_json v1.0.64
[INFO] [stderr]     Checking async-channel v1.6.1
[INFO] [stderr]     Checking rand_core v0.5.1
[INFO] [stderr]     Checking itoa v0.4.7
[INFO] [stderr]    Compiling regex v1.5.4
[INFO] [stderr]    Compiling serde_closure v0.3.2
[INFO] [stderr]    Compiling amadeus-streaming v0.4.3
[INFO] [stderr]    Compiling amadeus-core v0.4.3
[INFO] [stderr]    Compiling amadeus-types v0.4.3
[INFO] [stderr]    Compiling amadeus v0.4.3 (/opt/rustwide/workdir)
[INFO] [stderr]     Checking rand_chacha v0.2.2
[INFO] [stderr]     Checking rand_pcg v0.2.1
[INFO] [stderr]     Checking rand v0.7.3
[INFO] [stderr]     Checking ordered-float v2.2.0
[INFO] [stderr]     Checking idna v0.2.3
[INFO] [stderr]    Compiling parse-zoneinfo v0.3.0
[INFO] [stderr]     Checking twox-hash v1.6.0
[INFO] [stderr]    Compiling chrono-tz v0.5.3
[INFO] [stderr]    Compiling serde_closure_derive v0.3.2
[INFO] [stderr]    Compiling enum-ordinalize v3.1.10
[INFO] [stderr]    Compiling delegate-attr v0.2.9
[INFO] [stderr]    Compiling tokio-macros v0.2.6
[INFO] [stderr]    Compiling derive-new v0.5.9
[INFO] [stderr]    Compiling amadeus-derive v0.4.3
[INFO] [stderr]    Compiling educe v0.4.16
[INFO] [stderr]     Checking owned_chars v0.3.2
[INFO] [stderr]     Checking tokio v0.2.25
[INFO] [stderr]     Checking pin-project v0.4.28
[INFO] [stderr]     Checking futures-executor v0.3.15
[INFO] [stderr]     Checking futures v0.3.15
[INFO] [stderr]     Checking either v1.6.1
[INFO] [stderr]     Checking chrono v0.4.19
[INFO] [stderr]     Checking sum v0.1.7
[INFO] [stderr]     Checking multimap v0.8.3
[INFO] [stderr]     Checking url v2.2.2
[INFO] [stdout] error[E0059]: type parameter to bare `std::ops::FnOnce` trait must be a tuple
[INFO] [stdout]    --> /opt/rustwide/cargo-home/registry/src/index.crates.io-6f17d22bba15001f/serde_closure-0.3.2/src/lib.rs:572:6
[INFO] [stdout]     |
[INFO] [stdout] 572 |         T: ops::FnOnce<Args>,
[INFO] [stdout]     |            ^^^^^^^^^^^^^^^^^ the trait `Tuple` is not implemented for `Args`
[INFO] [stdout]     |
[INFO] [stdout] note: required by a bound in `std::ops::FnOnce`
[INFO] [stdout]    --> /rustc/e6e4f7ed1589e03bc2f6c5931c1a72e7947e8682/library/core/src/ops/function.rs:242:1
[INFO] [stdout] help: consider further restricting type parameter `Args`
[INFO] [stdout]     |
[INFO] [stdout] 572 |         T: ops::FnOnce<Args>, Args: std::marker::Tuple
[INFO] [stdout]     |                             ~~~~~~~~~~~~~~~~~~~~~~~~~~
[INFO] [stdout] 
[INFO] [stdout] 
[INFO] [stdout] error[E0059]: type parameter to bare `std::ops::FnMut` trait must be a tuple
[INFO] [stdout]    --> /opt/rustwide/cargo-home/registry/src/index.crates.io-6f17d22bba15001f/serde_closure-0.3.2/src/lib.rs:606:6
[INFO] [stdout]     |
[INFO] [stdout] 606 |         T: ops::FnMut<Args>,
[INFO] [stdout]     |            ^^^^^^^^^^^^^^^^ the trait `Tuple` is not implemented for `Args`
[INFO] [stdout]     |
[INFO] [stdout] note: required by a bound in `std::ops::FnMut`
[INFO] [stdout]    --> /rustc/e6e4f7ed1589e03bc2f6c5931c1a72e7947e8682/library/core/src/ops/function.rs:163:1
[INFO] [stdout] help: consider further restricting type parameter `Args`
[INFO] [stdout]     |
[INFO] [stdout] 606 |         T: ops::FnMut<Args>, Args: std::marker::Tuple
[INFO] [stdout]     |                            ~~~~~~~~~~~~~~~~~~~~~~~~~~
[INFO] [stdout] 
[INFO] [stdout] 
[INFO] [stdout] error[E0059]: type parameter to bare `std::ops::Fn` trait must be a tuple
[INFO] [stdout]    --> /opt/rustwide/cargo-home/registry/src/index.crates.io-6f17d22bba15001f/serde_closure-0.3.2/src/lib.rs:638:6
[INFO] [stdout]     |
[INFO] [stdout] 638 |         T: ops::Fn<Args>,
[INFO] [stdout]     |            ^^^^^^^^^^^^^ the trait `Tuple` is not implemented for `Args`
[INFO] [stdout]     |
[INFO] [stdout] note: required by a bound in `std::ops::Fn`
[INFO] [stdout]    --> /rustc/e6e4f7ed1589e03bc2f6c5931c1a72e7947e8682/library/core/src/ops/function.rs:76:1
[INFO] [stdout] help: consider further restricting type parameter `Args`
[INFO] [stdout]     |
[INFO] [stdout] 638 |         T: ops::Fn<Args>, Args: std::marker::Tuple
[INFO] [stdout]     |                         ~~~~~~~~~~~~~~~~~~~~~~~~~~
[INFO] [stdout] 
[INFO] [stdout] 
[INFO] [stdout] error[E0059]: type parameter to bare `std::ops::FnOnce` trait must be a tuple
[INFO] [stdout]    --> /opt/rustwide/cargo-home/registry/src/index.crates.io-6f17d22bba15001f/serde_closure-0.3.2/src/lib.rs:574:17
[INFO] [stdout]     |
[INFO] [stdout] 574 |         type Output = T::Output;
[INFO] [stdout]     |                       ^^^^^^^^^ the trait `Tuple` is not implemented for `Args`
[INFO] [stdout]     |
[INFO] [stdout] note: required by a bound in `std::ops::FnOnce`
[INFO] [stdout]    --> /rustc/e6e4f7ed1589e03bc2f6c5931c1a72e7947e8682/library/core/src/ops/function.rs:242:1
[INFO] [stdout] help: consider further restricting type parameter `Args`
[INFO] [stdout]     |
[INFO] [stdout] 572 |         T: ops::FnOnce<Args>, Args: std::marker::Tuple
[INFO] [stdout]     |                             ~~~~~~~~~~~~~~~~~~~~~~~~~~
[INFO] [stdout] 
[INFO] [stdout] 
[INFO] [stdout] error[E0059]: type parameter to bare `std::ops::FnOnce` trait must be a tuple
[INFO] [stdout]    --> /opt/rustwide/cargo-home/registry/src/index.crates.io-6f17d22bba15001f/serde_closure-0.3.2/src/lib.rs:700:13
[INFO] [stdout]     |
[INFO] [stdout] 700 |     impl<F, I> std::ops::FnOnce<I> for FnOnce<F>
[INFO] [stdout]     |                ^^^^^^^^^^^^^^^^^^^ the trait `Tuple` is not implemented for `I`
[INFO] [stdout]     |
[INFO] [stdout] note: required by a bound in `std::ops::FnOnce`
[INFO] [stdout]    --> /rustc/e6e4f7ed1589e03bc2f6c5931c1a72e7947e8682/library/core/src/ops/function.rs:242:1
[INFO] [stdout] help: consider further restricting type parameter `I`
[INFO] [stdout]     |
[INFO] [stdout] 702 |         F: internal::FnOnce<I>, I: std::marker::Tuple
[INFO] [stdout]     |                               ~~~~~~~~~~~~~~~~~~~~~~~
[INFO] [stdout] 
[INFO] [stdout] 
[INFO] [stdout] error[E0059]: type parameter to bare `std::ops::FnOnce` trait must be a tuple
[INFO] [stdout]    --> /opt/rustwide/cargo-home/registry/src/index.crates.io-6f17d22bba15001f/serde_closure-0.3.2/src/lib.rs:758:13
[INFO] [stdout]     |
[INFO] [stdout] 758 |     impl<F, I> std::ops::FnOnce<I> for FnMut<F>
[INFO] [stdout]     |                ^^^^^^^^^^^^^^^^^^^ the trait `Tuple` is not implemented for `I`
[INFO] [stdout]     |
[INFO] [stdout] note: required by a bound in `std::ops::FnOnce`
[INFO] [stdout]    --> /rustc/e6e4f7ed1589e03bc2f6c5931c1a72e7947e8682/library/core/src/ops/function.rs:242:1
[INFO] [stdout] help: consider further restricting type parameter `I`
[INFO] [stdout]     |
[INFO] [stdout] 760 |         F: internal::FnOnce<I>, I: std::marker::Tuple
[INFO] [stdout]     |                               ~~~~~~~~~~~~~~~~~~~~~~~
[INFO] [stdout] 
[INFO] [stdout] 
[INFO] [stdout] error[E0059]: type parameter to bare `std::ops::FnMut` trait must be a tuple
[INFO] [stdout]    --> /opt/rustwide/cargo-home/registry/src/index.crates.io-6f17d22bba15001f/serde_closure-0.3.2/src/lib.rs:781:13
[INFO] [stdout]     |
[INFO] [stdout] 781 |     impl<F, I> std::ops::FnMut<I> for FnMut<F>
[INFO] [stdout]     |                ^^^^^^^^^^^^^^^^^^ the trait `Tuple` is not implemented for `I`
[INFO] [stdout]     |
[INFO] [stdout] note: required by a bound in `std::ops::FnMut`
[INFO] [stdout]    --> /rustc/e6e4f7ed1589e03bc2f6c5931c1a72e7947e8682/library/core/src/ops/function.rs:163:1
[INFO] [stdout] help: consider further restricting type parameter `I`
[INFO] [stdout]     |
[INFO] [stdout] 783 |         F: internal::FnMut<I>, I: std::marker::Tuple
[INFO] [stdout]     |                              ~~~~~~~~~~~~~~~~~~~~~~~
[INFO] [stdout] 
[INFO] [stdout] 
[INFO] [stdout] error[E0059]: type parameter to bare `std::ops::FnOnce` trait must be a tuple
[INFO] [stdout]    --> /opt/rustwide/cargo-home/registry/src/index.crates.io-6f17d22bba15001f/serde_closure-0.3.2/src/lib.rs:836:13
[INFO] [stdout]     |
[INFO] [stdout] 836 |     impl<F, I> std::ops::FnOnce<I> for Fn<F>
[INFO] [stdout]     |                ^^^^^^^^^^^^^^^^^^^ the trait `Tuple` is not implemented for `I`
[INFO] [stdout]     |
[INFO] [stdout] note: required by a bound in `std::ops::FnOnce`
[INFO] [stdout]    --> /rustc/e6e4f7ed1589e03bc2f6c5931c1a72e7947e8682/library/core/src/ops/function.rs:242:1
[INFO] [stdout] help: consider further restricting type parameter `I`
[INFO] [stdout]     |
[INFO] [stdout] 838 |         F: internal::FnOnce<I>, I: std::marker::Tuple
[INFO] [stdout]     |                               ~~~~~~~~~~~~~~~~~~~~~~~
[INFO] [stdout] 
[INFO] [stdout] 
[INFO] [stdout] error[E0059]: type parameter to bare `std::ops::FnMut` trait must be a tuple
[INFO] [stdout]    --> /opt/rustwide/cargo-home/registry/src/index.crates.io-6f17d22bba15001f/serde_closure-0.3.2/src/lib.rs:859:13
[INFO] [stdout]     |
[INFO] [stdout] 859 |     impl<F, I> std::ops::FnMut<I> for Fn<F>
[INFO] [stdout]     |                ^^^^^^^^^^^^^^^^^^ the trait `Tuple` is not implemented for `I`
[INFO] [stdout]     |
[INFO] [stdout] note: required by a bound in `std::ops::FnMut`
[INFO] [stdout]    --> /rustc/e6e4f7ed1589e03bc2f6c5931c1a72e7947e8682/library/core/src/ops/function.rs:163:1
[INFO] [stdout] help: consider further restricting type parameter `I`
[INFO] [stdout]     |
[INFO] [stdout] 861 |         F: internal::FnMut<I>, I: std::marker::Tuple
[INFO] [stdout]     |                              ~~~~~~~~~~~~~~~~~~~~~~~
[INFO] [stdout] 
[INFO] [stdout] 
[INFO] [stdout] error[E0059]: type parameter to bare `std::ops::Fn` trait must be a tuple
[INFO] [stdout]    --> /opt/rustwide/cargo-home/registry/src/index.crates.io-6f17d22bba15001f/serde_closure-0.3.2/src/lib.rs:880:13
[INFO] [stdout]     |
[INFO] [stdout] 880 |     impl<F, I> std::ops::Fn<I> for Fn<F>
[INFO] [stdout]     |                ^^^^^^^^^^^^^^^ the trait `Tuple` is not implemented for `I`
[INFO] [stdout]     |
[INFO] [stdout] note: required by a bound in `std::ops::Fn`
[INFO] [stdout]    --> /rustc/e6e4f7ed1589e03bc2f6c5931c1a72e7947e8682/library/core/src/ops/function.rs:76:1
[INFO] [stdout] help: consider further restricting type parameter `I`
[INFO] [stdout]     |
[INFO] [stdout] 882 |         F: internal::Fn<I>, I: std::marker::Tuple
[INFO] [stdout]     |                           ~~~~~~~~~~~~~~~~~~~~~~~
[INFO] [stdout] 
[INFO] [stdout] 
[INFO] [stdout] error[E0277]: functions with the "rust-call" ABI must take a single non-self tuple argument
[INFO] [stdout]    --> /opt/rustwide/cargo-home/registry/src/index.crates.io-6f17d22bba15001f/serde_closure-0.3.2/src/lib.rs:707:3
[INFO] [stdout]     |
[INFO] [stdout] 707 |         extern "rust-call" fn call_once(self, args: I) -> Self::Output {
[INFO] [stdout]     |         ^^^^^^^^^^^^^^^^^^^^^^^^^^^^^^^^^^^^^^^^^^^^^^^^^^^^^^^^^^^^^^ the trait `Tuple` is not implemented for `I`
[INFO] [stdout]     |
[INFO] [stdout] help: consider further restricting type parameter `I`
[INFO] [stdout]     |
[INFO] [stdout] 702 |         F: internal::FnOnce<I>, I: std::marker::Tuple
[INFO] [stdout]     |                               ~~~~~~~~~~~~~~~~~~~~~~~
[INFO] [stdout] 
[INFO] [stdout] 
[INFO] [stdout] error[E0277]: functions with the "rust-call" ABI must take a single non-self tuple argument
[INFO] [stdout]    --> /opt/rustwide/cargo-home/registry/src/index.crates.io-6f17d22bba15001f/serde_closure-0.3.2/src/lib.rs:765:3
[INFO] [stdout]     |
[INFO] [stdout] 765 |         extern "rust-call" fn call_once(self, args: I) -> Self::Output {
[INFO] [stdout]     |         ^^^^^^^^^^^^^^^^^^^^^^^^^^^^^^^^^^^^^^^^^^^^^^^^^^^^^^^^^^^^^^ the trait `Tuple` is not implemented for `I`
[INFO] [stdout]     |
[INFO] [stdout] help: consider further restricting type parameter `I`
[INFO] [stdout]     |
[INFO] [stdout] 760 |         F: internal::FnOnce<I>, I: std::marker::Tuple
[INFO] [stdout]     |                               ~~~~~~~~~~~~~~~~~~~~~~~
[INFO] [stdout] 
[INFO] [stdout] 
[INFO] [stdout] error[E0277]: functions with the "rust-call" ABI must take a single non-self tuple argument
[INFO] [stdout]    --> /opt/rustwide/cargo-home/registry/src/index.crates.io-6f17d22bba15001f/serde_closure-0.3.2/src/lib.rs:786:3
[INFO] [stdout]     |
[INFO] [stdout] 786 |         extern "rust-call" fn call_mut(&mut self, args: I) -> Self::Output {
[INFO] [stdout]     |         ^^^^^^^^^^^^^^^^^^^^^^^^^^^^^^^^^^^^^^^^^^^^^^^^^^^^^^^^^^^^^^^^^^ the trait `Tuple` is not implemented for `I`
[INFO] [stdout]     |
[INFO] [stdout] help: consider further restricting type parameter `I`
[INFO] [stdout]     |
[INFO] [stdout] 783 |         F: internal::FnMut<I>, I: std::marker::Tuple
[INFO] [stdout]     |                              ~~~~~~~~~~~~~~~~~~~~~~~
[INFO] [stdout] 
[INFO] [stdout] 
[INFO] [stdout] error[E0277]: functions with the "rust-call" ABI must take a single non-self tuple argument
[INFO] [stdout]    --> /opt/rustwide/cargo-home/registry/src/index.crates.io-6f17d22bba15001f/serde_closure-0.3.2/src/lib.rs:843:3
[INFO] [stdout]     |
[INFO] [stdout] 843 |         extern "rust-call" fn call_once(self, args: I) -> Self::Output {
[INFO] [stdout]     |         ^^^^^^^^^^^^^^^^^^^^^^^^^^^^^^^^^^^^^^^^^^^^^^^^^^^^^^^^^^^^^^ the trait `Tuple` is not implemented for `I`
[INFO] [stdout]     |
[INFO] [stdout] help: consider further restricting type parameter `I`
[INFO] [stdout]     |
[INFO] [stdout] 838 |         F: internal::FnOnce<I>, I: std::marker::Tuple
[INFO] [stdout]     |                               ~~~~~~~~~~~~~~~~~~~~~~~
[INFO] [stdout] 
[INFO] [stdout] 
[INFO] [stdout] error[E0277]: functions with the "rust-call" ABI must take a single non-self tuple argument
[INFO] [stdout]    --> /opt/rustwide/cargo-home/registry/src/index.crates.io-6f17d22bba15001f/serde_closure-0.3.2/src/lib.rs:864:3
[INFO] [stdout]     |
[INFO] [stdout] 864 |         extern "rust-call" fn call_mut(&mut self, args: I) -> Self::Output {
[INFO] [stdout]     |         ^^^^^^^^^^^^^^^^^^^^^^^^^^^^^^^^^^^^^^^^^^^^^^^^^^^^^^^^^^^^^^^^^^ the trait `Tuple` is not implemented for `I`
[INFO] [stdout]     |
[INFO] [stdout] help: consider further restricting type parameter `I`
[INFO] [stdout]     |
[INFO] [stdout] 861 |         F: internal::FnMut<I>, I: std::marker::Tuple
[INFO] [stdout]     |                              ~~~~~~~~~~~~~~~~~~~~~~~
[INFO] [stdout] 
[INFO] [stdout] 
[INFO] [stdout] error[E0277]: functions with the "rust-call" ABI must take a single non-self tuple argument
[INFO] [stdout]    --> /opt/rustwide/cargo-home/registry/src/index.crates.io-6f17d22bba15001f/serde_closure-0.3.2/src/lib.rs:885:3
[INFO] [stdout]     |
[INFO] [stdout] 885 |         extern "rust-call" fn call(&self, args: I) -> Self::Output {
[INFO] [stdout]     |         ^^^^^^^^^^^^^^^^^^^^^^^^^^^^^^^^^^^^^^^^^^^^^^^^^^^^^^^^^^ the trait `Tuple` is not implemented for `I`
[INFO] [stdout]     |
[INFO] [stdout] help: consider further restricting type parameter `I`
[INFO] [stdout]     |
[INFO] [stdout] 882 |         F: internal::Fn<I>, I: std::marker::Tuple
[INFO] [stdout]     |                           ~~~~~~~~~~~~~~~~~~~~~~~
[INFO] [stdout] 
[INFO] [stdout] 
[INFO] [stdout] error: aborting due to 16 previous errors
[INFO] [stdout] 
[INFO] [stdout] 
[INFO] [stdout] Some errors have detailed explanations: E0059, E0277.
[INFO] [stdout] 
[INFO] [stdout] For more information about an error, try `rustc --explain E0059`.
[INFO] [stdout] 
[INFO] [stderr] error: could not compile `serde_closure` (lib) due to 17 previous errors
[INFO] [stderr] warning: build failed, waiting for other jobs to finish...
[INFO] running `Command { std: "docker" "inspect" "19971f9e486c65c942fd436c0587c0fb765d6d97ac370d75945486e1c7da25af", kill_on_drop: false }`
[INFO] running `Command { std: "docker" "rm" "-f" "19971f9e486c65c942fd436c0587c0fb765d6d97ac370d75945486e1c7da25af", kill_on_drop: false }`
[INFO] [stdout] 19971f9e486c65c942fd436c0587c0fb765d6d97ac370d75945486e1c7da25af
